{"id":77,"date":"2020-10-08T10:47:05","date_gmt":"2020-10-08T08:47:05","guid":{"rendered":"https:\/\/v2202009128816127865.supersrv.de\/wordpress\/wordpress\/?page_id=77"},"modified":"2021-05-27T21:13:39","modified_gmt":"2021-05-27T19:13:39","slug":"kontakt","status":"publish","type":"page","link":"https:\/\/www.waltraud-danzig.de\/index.php\/kontakt\/","title":{"rendered":"Kontakt"},"content":{"rendered":"\n<p>Waltraud Danzig<br>Hochholzweg 2<br>94113 Tiefenbach<br>Tel. 08509\/1556<br><a href=\"mailto:waltraud.danzig@freenet.de\">waltraud.danzig@freenet.de<\/a><\/p>\n\n\n\n<p>Besuche in meinem Atelier in Tiefenbach sind jederzeit nach telefonischer Anmeldung m\u00f6glich.<\/p>\n\n\n\n<p>Lithographie &#8211; Workshops in der Druckwerkstatt des Kulturmodells Br\u00e4ugasse Passau: Termine nach pers\u00f6nlicher Absprache<\/p>\n\n\n\n<p><\/p>\n\n\n\n<p>Erscheinungen: <\/p>\n\n\n\n<p class=\"has-text-align-left\"><\/p>\n\n\n\n<ul class=\"wp-block-list\"><li>Berufsverband Bildender K\u00fcnstler Niederbayern e.V. <a href=\"http:\/\/www.bbk-bayern.de\/ndb\/\">www.bbk-bayern.de\/ndb\/<\/a><br><\/li><li>Produzentengalerie Passau <a href=\"http:\/\/www.galerieliste.de\/bayern\/passau\/produzentengalerie-passau\/\">www.produzentengalerie-passau.de<\/a><br><\/li><li>Passauer Kunstbl\u00e4tter 1\/2011 <a href=\"http:\/\/www.kunstverein-passau.de\">www.kunstverein-passau.de<\/a><br><\/li><li>Die Plattform f\u00fcr zeitgen\u00f6ssische Kunst in der Region Passau <a href=\"http:\/\/www.kunstpassau.de\">www.kunstpassau.de<\/a> <\/li><li>K\u00fcnstlerverband NEUE GRUPPE e.V. \u00a0<a rel=\"noreferrer noopener\" class=\"\" href=\"http:\/\/www.neuegruppe-hausderkunst.de\" target=\"_blank\">www.neuegruppe-hausderkunst.de<\/a> <\/li><li>1000 K\u00fcnstler\/innen &amp; Kulturschaffende &#8211; Biografisches Lexikon zur Passauer Stadtgeschichte von Dr. Edith Rabenstein<\/li><li>&#8222;MEINE K\u00dcNSTLER &#8211; UNSERE K\u00dcNSTLER&#8220;, Edition Lichtland ISBN-Nr.:978-3-947171-12-5<\/li><\/ul>\n\n\n\n<p><br><br> Bei Fragen und eventuellen Ank\u00e4ufen k\u00f6nnen Sie sich gerne an mich wenden<\/p>\n","protected":false},"excerpt":{"rendered":"<p>Waltraud DanzigHochholzweg 294113 TiefenbachTel. 08509\/1556waltraud.danzig@freenet.de Besuche in meinem Atelier in Tiefenbach sind jederzeit nach telefonischer Anmeldung m\u00f6glich. Lithographie &#8211; Workshops in der Druckwerkstatt des Kulturmodells Br\u00e4ugasse Passau: Termine nach pers\u00f6nlicher Absprache Erscheinungen: Berufsverband Bildender K\u00fcnstler Niederbayern e.V. www.bbk-bayern.de\/ndb\/ Produzentengalerie Passau www.produzentengalerie-passau.de Passauer Kunstbl\u00e4tter 1\/2011 www.kunstverein-passau.de Die Plattform f\u00fcr zeitgen\u00f6ssische Kunst in der Region Passau www.kunstpassau.de &hellip; <\/p>\n<p class=\"link-more\"><a href=\"https:\/\/www.waltraud-danzig.de\/index.php\/kontakt\/\" class=\"more-link\"><span class=\"screen-reader-text\">\u201eKontakt\u201c<\/span> weiterlesen<\/a><\/p>\n","protected":false},"author":1,"featured_media":0,"parent":0,"menu_order":0,"comment_status":"closed","ping_status":"closed","template":"","meta":{"ngg_post_thumbnail":0,"footnotes":""},"class_list":["post-77","page","type-page","status-publish","hentry"],"_links":{"self":[{"href":"https:\/\/www.waltraud-danzig.de\/index.php\/wp-json\/wp\/v2\/pages\/77","targetHints":{"allow":["GET"]}}],"collection":[{"href":"https:\/\/www.waltraud-danzig.de\/index.php\/wp-json\/wp\/v2\/pages"}],"about":[{"href":"https:\/\/www.waltraud-danzig.de\/index.php\/wp-json\/wp\/v2\/types\/page"}],"author":[{"embeddable":true,"href":"https:\/\/www.waltraud-danzig.de\/index.php\/wp-json\/wp\/v2\/users\/1"}],"replies":[{"embeddable":true,"href":"https:\/\/www.waltraud-danzig.de\/index.php\/wp-json\/wp\/v2\/comments?post=77"}],"version-history":[{"count":18,"href":"https:\/\/www.waltraud-danzig.de\/index.php\/wp-json\/wp\/v2\/pages\/77\/revisions"}],"predecessor-version":[{"id":476,"href":"https:\/\/www.waltraud-danzig.de\/index.php\/wp-json\/wp\/v2\/pages\/77\/revisions\/476"}],"wp:attachment":[{"href":"https:\/\/www.waltraud-danzig.de\/index.php\/wp-json\/wp\/v2\/media?parent=77"}],"curies":[{"name":"wp","href":"https:\/\/api.w.org\/{rel}","templated":true}]}}

<p>Waltraud Danzig<br>Hochholzweg 2<br>94113 Tiefenbach<br>Tel. 08509/1556<br><a href="mailto:waltraud.danzig@freenet.de">waltraud.danzig@freenet.de</a></p>



<p>Besuche in meinem Atelier in Tiefenbach sind jederzeit nach telefonischer Anmeldung möglich.</p>



<p>Lithographie &#8211; Workshops in der Druckwerkstatt des Kulturmodells Bräugasse Passau: Termine nach persönlicher Absprache</p>



<p></p>



<p>Erscheinungen: </p>



<p class="has-text-align-left"></p>



<ul class="wp-block-list"><li>Berufsverband Bildender Künstler Niederbayern e.V. <a href="http://www.bbk-bayern.de/ndb/">www.bbk-bayern.de/ndb/</a><br></li><li>Produzentengalerie Passau <a href="http://www.galerieliste.de/bayern/passau/produzentengalerie-passau/">www.produzentengalerie-passau.de</a><br></li><li>Passauer Kunstblätter 1/2011 <a href="http://www.kunstverein-passau.de">www.kunstverein-passau.de</a><br></li><li>Die Plattform für zeitgenössische Kunst in der Region Passau <a href="http://www.kunstpassau.de">www.kunstpassau.de</a> </li><li>Künstlerverband NEUE GRUPPE e.V.  <a rel="noreferrer noopener" class="" href="http://www.neuegruppe-hausderkunst.de" target="_blank">www.neuegruppe-hausderkunst.de</a> </li><li>1000 Künstler/innen &amp; Kulturschaffende &#8211; Biografisches Lexikon zur Passauer Stadtgeschichte von Dr. Edith Rabenstein</li><li>&#8222;MEINE KÜNSTLER &#8211; UNSERE KÜNSTLER&#8220;, Edition Lichtland ISBN-Nr.:978-3-947171-12-5</li></ul>



<p><br><br> Bei Fragen und eventuellen Ankäufen können Sie sich gerne an mich wenden</p>

<p>Waltraud DanzigHochholzweg 294113 TiefenbachTel. 08509/1556waltraud.danzig@freenet.de Besuche in meinem Atelier in Tiefenbach sind jederzeit nach telefonischer Anmeldung möglich. Lithographie &#8211; Workshops in der Druckwerkstatt des Kulturmodells Bräugasse Passau: Termine nach persönlicher Absprache Erscheinungen: Berufsverband Bildender Künstler Niederbayern e.V. www.bbk-bayern.de/ndb/ Produzentengalerie Passau www.produzentengalerie-passau.de Passauer Kunstblätter 1/2011 www.kunstverein-passau.de Die Plattform für zeitgenössische Kunst in der Region Passau www.kunstpassau.de &hellip; </p>
<p class="link-more"><a href="https://www.waltraud-danzig.de/index.php/kontakt/" class="more-link"><span class="screen-reader-text">„Kontakt“</span> weiterlesen</a></p>
